8
Calculate the remainder when 818135 is divided by 67.
65
What is the remainder when 36821 is divided by 876?
29
Calculate the remainder when 747 is divided by 303.
141
Calculate the remainder when 1320 is divided by 416.
72
Calculate the remainder when 43863 is divided by 35.
8
Calculate the remainder when 52660 is divided by 1548.
28
Calculate the remainder when 192964 is divided by 189.
184
Calculate the remainder when 4074 is divided by 669.
60
What is the remainder when 19488 is divided by 114?
108
What is the remainder when 81999 is divided by 20497?
11
Calculate the remainder when 18717 is divided by 160.
157
What is the remainder when 324 is divided by 306?
18
What is the remainder when 3212433 is divided by 159?
156
Calculate the remainder when 27077 is divided by 40.
37
Calculate the remainder when 284999 is divided by 284982.
17
What is the remainder when 1040 is divided by 475?
90
What is the remainder when 47500 is divided by 203?
201
Calculate the remainder when 270095 is divided by 730.
725
What is the remainder when 235107 is divided by 212?
211
Calculate the remainder when 10684 is divided by 1205.
1044
Calculate the remainder when 7472 is divided by 1951.
1619
What is the remainder when 454436 is divided by 14?
10
Calculate the remainder when 10868 is divided by 87.
80
Calculate the remainder when 3988 is divided by 90.
28
Calculate the remainder when 5145 is divided by 136.
113
What is the remainder when 1249205 is divided by 607?
606
Calculate the remainder when 5128 is divided by 270.
268
What is the remainder when 4167 is divided by 258?
39
What is the remainder when 2878 is divided by 28?
22
Calculate the remainder when 10394 is divided by 1664.
410
Calculate the remainder when 32941 is divided by 182.
181
Calculate the remainder when 136409 is divided by 68198.
13
What is the remainder when 871617 is divided by 876?
873
Calculate the remainder when 1250 is divided by 54.
8
Calculate the remainder when 30946 is divided by 52.
6
What is the remainder when 75596 is divided by 240?
236
Calculate the remainder when 8141 is divided by 177.
176
What is the remainder when 9070 is divided by 314?
278
Calculate the remainder when 79301 is divided by 2558.
3
Calculate the remainder when 6206043 is divided by 231.
228
What is the remainder when 4744 is divided by 39?
25
Calculate the remainder when 1172104 is divided by 31.
25
Calculate the remainder when 286428 is divided by 29.
24
Calculate the remainder when 388280 is divided by 388273.
7
What is the remainder when 103247 is divided by 18?
17
What is the remainder when 743542 is divided by 92941?
14
What is the remainder when 614568 is divided by 94?
90
Calculate the remainder when 616708 is divided by 254.
250
What is the remainder when 25936 is divided by 8595?
151
What is the remainder when 816 is divided by 128?
48
What is the remainder when 1846 is divided by 44?
42
Calculate the remainder when 43586 is divided by 411.
20
What is the remainder when 16277 is divided by 13?
1
Calculate the remainder when 2878 is divided by 187.
73
Calculate the remainder when 28513 is divided by 9422.
247
Calculate the remainder when 89026 is divided by 428.
2
What is the remainder when 1596 is divided by 54?
30
What is the remainder when 8330 is divided by 9?
5
What is the remainder when 292079 is divided by 27?
20
Calculate the remainder when 8152 is divided by 2714.
10
What is the remainder when 63495 is divided by 128?
7
What is the remainder when 34572 is divided by 6896?
92
Calculate the remainder when 900 is divided by 575.
325
Calculate the remainder when 135293 is divided by 135289.
4
What is the remainder when 4898 is divided by 811?
32
Calculate the remainder when 18331 is divided by 21.
19
What is the remainder when 3577 is divided by 1783?
11
Calculate the remainder when 399950 is divided by 90.
80
What is the remainder when 45325 is divided by 45325?
0
Calculate the remainder when 2489518 is divided by 2255.
2253
What is the remainder when 31005 is divided by 1550?
5
Calculate the remainder when 37728 is divided by 35.
33
Calculate the remainder when 133784 is divided by 289.
266
Calculate the remainder when 6970 is divided by 206.
172
Calculate the remainder when 9296 is divided by 9282.
14
Calculate the remainder when 616 is divided by 21.
7
What is the remainder when 106056 is divided by 3928?
0
What is the remainder when 420985 is divided by 84193?
20
Calculate the remainder when 5551 is divided by 555.
1
What is the remainder when 1716 is divided by 833?
50
Calculate the remainder when 10656 is divided by 3546.
18
Calculate the remainder when 965 is divided by 527.
438
What is the remainder when 25354 is divided by 1946?
56
What is the remainder when 478928 is divided by 524?
516
Calculate the remainder when 292525 is divided by 112.
93
Calculate the remainder when 636429 is divided by 48955.
14
Calculate the remainder when 10881 is divided by 440.
321
What is the remainder when 6990 is divided by 180?
150
Calculate the remainder when 12861 is divided by 165.
156
What is the remainder when 10655 is divided by 20?
15
What is the remainder when 1918 is divided by 126?
28
What is the remainder when 11375 is divided by 11354?
21
What is the remainder when 3682 is divided by 3519?
163
What is the remainder when 2470745 is divided by 34?
33
What is the remainder when 55773 is divided by 13863?
321
Calculate the remainder when 272 is divided by 14.
6
What is the remainder when 18499 is divided by 267?
76
What is the remainder when 105586 is divided by 318?
10
Calculate the remainder when 1752 is divided by 1143.
609
Calculate the remainder when 134598 is divided by 473.
266
What is the remainder when 21396 is divided by 6637?
1485
What is the remainder when 146061 is divided by 330?
201
Calculate the remainder when 6419 is divided by 6414.
5
Calculate the remainder when 212799 is divided by 276.
3
What is the remainder when 17899 is divided by 47?
39
Calculate the remainder when 58048 is divided by 29012.
24
What is the remainder when 1807 is divided by 209?
135
What is the remainder when 1024526 is divided by 36590?
6
Calculate the remainder when 349 is divided by 109.
22
Calculate the remainder when 1068 is divided by 328.
84
What is the remainder when 512018 is divided by 1000?
18
Calculate the remainder when 24082 is divided by 4814.
12
What is the remainder when 64753 is divided by 63?
52
Calculate the remainder when 19805 is divided by 828.
761
What is the remainder when 5958 is divided by 406?
274
Calculate the remainder when 7586 is divided by 1.
0
What is the remainder when 40768 is divided by 86?
4
Calculate the remainder when 1542 is divided by 330.
222
Calculate the remainder when 43953 is divided by 1245.
378
Calculate the remainder when 25520 is divided by 8506.
2
Calculate the remainder when 17726 is divided by 31.
25
What is the remainder when 204999 is divided by 17?
13
Calculate the remainder when 6060 is divided by 289.
280
What is the remainder when 4641 is divided by 4348?
293
Calculate the remainder when 5447 is divided by 620.
487
What is the remainder when 2441 is divided by 500?
441
What is the remainder when 10357 is divided by 88?
61
What is the remainder when 18891 is divided by 6288?
27
What is the remainder when 795 is divided by 340?
115
What is the remainder when 192672 is divided by 24083?
8
What is the remainder when 85113 is divided by 529?
473
Calculate the remainder when 412301 is divided by 45808.
29
What is the remainder when 3683 is divided by 3625?
58
What is the remainder when 110759 is divided by 110754?
5
What is the remainder when 3777 is divided by 127?
94
Calculate the remainder when 24934 is divided by 32.
6
What is the remainder when 1095687 is divided by 49?
47
What is the remainder when 50946 is divided by 16?
2
What is the remainder when 11506 is divided by 13?
1
What is the remainder when 28682 is divided by 376?
106
What is the remainder when 38773 is divided by 730?
83
Calculate the remainder when 5174 is divided by 1199.
378
What is the remainder when 1985 is divided by 660?
5
What is the remainder when 1951 is divided by 151?
139
Calculate the remainder when 164413 is divided by 202.
187
What is the remainder when 1298